prime factors of 16086?
2, 3, 7, 383
List the prime factors of 94445.
5, 13, 1453
List the prime factors of 6693.
3, 23, 97
What are the prime factors of 668?
2, 167
What are the prime factors of 102724?
2, 61, 421
What are the prime factors of 4680?
2, 3, 5, 13
What are the prime factors of 28269?
3, 349
What are the prime factors of 80683?
80683
List the prime factors of 1285.
5, 257
What are the prime factors of 1693?
1693
What are the prime factors of 126413?
7, 18059
List the prime factors of 274.
2, 137
What are the prime factors of 71156?
2, 17789
What are the prime factors of 7816?
2, 977
What are the prime factors of 3760?
2, 5, 47
What are the prime factors of 9983?
67, 149
List the prime factors of 3572.
2, 19, 47
What are the prime factors of 328?
2, 41
List the prime factors of 21211.
21211
List the prime factors of 21925.
5, 877
What are the prime factors of 4310?
2, 5, 431
List the prime factors of 29364.
2, 3, 2447
List the prime factors of 2437.
2437
List the prime factors of 74.
2, 37
List the prime factors of 42222.
2, 3, 31, 227
What are the prime factors of 127?
127
What are the prime factors of 4008?
2, 3, 167
List the prime factors of 39454.
2, 19727
What are the prime factors of 69567?
3, 23189
What are the prime factors of 74165?
5, 7, 13, 163
What are the prime factors of 162217?
11, 14747
List the prime factors of 40924.
2, 13, 787
List the prime factors of 4309.
31, 139
List the prime factors of 164647.
7, 43, 547
List the prime factors of 47815.
5, 73, 131
What are the prime factors of 999?
3, 37
What are the prime factors of 64?
2
List the prime factors of 9171.
3, 1019
What are the prime factors of 20062?
2, 7, 1433
List the prime factors of 3898.
2, 1949
List the prime factors of 2005.
5, 401
What are the prime factors of 35368?
2, 4421
List the prime factors of 9628.
2, 29, 83
What are the prime factors of 15202?
2, 11, 691
List the prime factors of 35045.
5, 43, 163
What are the prime factors of 60392?
2, 7549
List the prime factors of 5239.
13, 31
List the prime factors of 23910.
2, 3, 5, 797
List the prime factors of 5685.
3, 5, 379
What are the prime factors of 59343?
3, 131, 151
List the prime factors of 655.
5, 131
What are the prime factors of 1734?
2, 3, 17
What are the prime factors of 830?
2, 5, 83
What are the prime factors of 37902?
2, 3, 6317
What are the prime factors of 400?
2, 5
List the prime factors of 574.
2, 7, 41
List the prime factors of 183.
3, 61
List the prime factors of 4618.
2, 2309
What are the prime factors of 65959?
71, 929
List the prime factors of 16745.
5, 17, 197
What are the prime factors of 30599?
37, 827
List the prime factors of 42423.
3, 79, 179
List the prime factors of 19167.
3, 6389
What are the prime factors of 7989?
3, 2663
What are the prime factors of 2488?
2, 311
What are the prime factors of 6179?
37, 167
What are the prime factors of 1716?
2, 3, 11, 13
List the prime factors of 4650.
2, 3, 5, 31
What are the prime factors of 76517?
7, 17, 643
What are the prime factors of 50890?
2, 5, 7, 727
What are the prime factors of 4938?
2, 3, 823
List the prime factors of 30069.
3, 13, 257
List the prime factors of 41577.
3, 13859
List the prime factors of 17433.
3, 13, 149
List the prime factors of 111.
3, 37
List the prime factors of 2192.
2, 137
What are the prime factors of 925?
5, 37
What are the prime factors of 63211?
63211
What are the prime factors of 400?
2, 5
List the prime factors of 4720.
2, 5, 59
What are the prime factors of 5598?
2, 3, 311
List the prime factors of 1938.
2, 3, 17, 19
List the prime factors of 1565.
5, 313
What are the prime factors of 2489?
19, 131
What are the prime factors of 1987?
1987
What are the prime factors of 2572?
2, 643
List the prime factors of 6990.
2, 3, 5, 233
What are the prime factors of 159?
3, 53
List the prime factors of 13846.
2, 7, 23, 43
What are the prime factors of 27241?
27241
List the prime factors of 16032.
2, 3, 167
List the prime factors of 3123.
3, 347
List the prime factors of 146.
2, 73
What are the prime factors of 14001?
3, 13, 359
What are the prime factors of 1000?
2, 5
What are the prime factors of 5308?
2, 1327
List the prime factors of 181.
181
List the prime factors of 393.
3, 131
List the prime factors of 5326.
2, 2663
What are the prime factors of 98660?
2, 5, 4933
List the prime factors of 26278.
2, 7, 1877
What are the prime factors of 633?
3, 211
What are the prime factors of 15904?
2, 7, 71
What are the prime factors of 1427?
1427
What are the prime factors of 1191?
3, 397
What are the prime factors of 18243?
3, 2027
List the prime factors of 1947.
3, 11, 59
List the prime factors of 35405.
5, 73, 97
List the prime factors of 335.
5, 67
What are the prime factors of 37054?
2, 97, 191
What are the prime factors of 2593?
2593
What are the prime factors of 735?
3, 5, 7
What are the prime factors of 3098?
2, 1549
List the prime factors of 34956.
2, 3, 971
List the prime factors of 1233.
3, 137
List the prime factors of 87429.
3, 151, 193
What are the prime factors of 1177?
11, 107
List the prime factors of 539.
7, 11
What are the prime factors of 3285?
3, 5, 73
What are the prime factors of 2620?
2, 5, 131
List the prime factors of 105376.
2, 37, 89
List the prime factors of 55322.
2, 139, 199
What are the prime factors of 49097?
29, 1693
List the prime factors of 12227.
12227
What are the prime factors of 327?
3, 109
List the prime factors of 22733.
127, 179
List the prime factors of 850.
2, 5, 17
What are the prime factors of 387?
3, 43
List the prime factors of 5111.
19, 269
What are the prime factors of 2527?
7, 19
List the prime factors of 20201.
20201
List the prime factors of 1386.
2, 3, 7, 11
What are the prime factors of 15403?
73, 211
What are the prime factors of 7881?
3, 37, 71
What are the prime factors of 65497?
65497
What are the prime factors of 18955?
5, 17, 223
What are the prime factors of 4115?
5, 823
What are the prime factors of 2909?
2909
What are the prime factors of 26296?
2, 19, 173
What are the prime factors of 1096?
2, 137
List the prime factors of 860.
2, 5, 43
List the prime factors of 597.
3, 199
What are the prime factors of 12?
2, 3
What are the prime factors of 14508?
2, 3, 13, 31
What are the prime factors of 67011?
3, 7, 3191
List the prime factors of 3313.
3313
List the prime factors of 53430.
2, 3, 5, 13, 137
What are the prime factors of 34740?
2, 3, 5, 193
List the prime factors of 79636.
2, 43, 463
What are the prime factors of 24755?
5, 4951
List the prime factors of 8851.
53, 167
What are the prime factors of 17797?
13, 37
What are the prime factors of 2383?
2383
What are the prime factors of 973?
7, 139
What are the prime factors of 41690?
2, 5, 11, 379
What are the prime factors of 82771?
13, 6367
What are the prime factors of 753?
3, 251
What are the prime factors of 17682?
2, 3, 7, 421
List the prime factors of 145289.
145289
List the prime factors of 7109.
7109
What are the prime factors of 163?
163
What are the prime factors of 7365?
3, 5, 491
List the prime factors of 37661.
13, 2897
What are the prime factors of 1873?
1873
What are the prime factors of 742?
2, 7, 53
List the prime factors of 5922.
2, 3, 7, 47
What are the prime factors of 186?
2, 3, 31
What are the prime factors of 89196?
2, 3, 7433
List the prime factors of 13508.
2, 11, 307
What are the prime factors of 9433?
9433
What are the prime factors of 3490?
2, 5, 349
List the prime factors of 314.
2, 157
What are the prime factors of 9149?
7, 1307
What are the prime factors of 6638?
2, 3319
List the prime factors of 741.
3, 13, 19
List the prime factors of 16912.
2, 7, 151
What are the prime factors of 20330?
2, 5, 19, 107
List the prime factors of 1053.
3, 13
List the prime factors of 79.
79
What are the prime factors of 398?
2, 199
List the prime factors of 7299.
3, 811
List the prime factors of 105427.
7, 15061
What are the prime factors of 9423?
3, 349
What are the prime factors of 5538?
2, 3, 13, 71
List the prime factors of 50148.
2, 3, 7, 199
List the prime factors of 521.
521
What are the prime factors of 27896?
2, 11, 317
What are the prime factors of 35890?
2, 5, 37, 97
What are the prime factors of 3989?
3989
What are the prime factors of 15635?
5, 53, 59
List the prime f